 39715. Let h be d(-14). Calculate b(h).
0
Let i(m) be the third derivative of 0 + 1/8*m**4 - 13/6*m**3 + 44*m**2 + m. Calculate i(8).
11
Suppose -6*j + 38 + 4 = 0. Let d(c) = -7*c**2 - 537*c + 543*c - 3*c**3 + 6 + 4*c**3 - c**2. Determine d(j).
-1
Let a(g) = 7*g**3 - 6*g**2 + g - 1. Let r(p) = -7*p**2 + 5*p - 4*p + 8*p**3 - 98 + 194 - 97. Let f(w) = -6*a(w) + 5*r(w). Calculate f(1).
-1
Let u(m) = 2*m - 6. Suppose -3*g - 2*x = -4*x, -x + 3 = 0. Let a(t) = 4*t - 5 - 10*t + 4 - 2*t**g - 7*t. Let d be a(-6). Calculate u(d).
4
Let j(b) = b - 44. Suppose n = 3*o + 225 - 186, 211 = 5*n + o. Give j(n).
-2
Let d(g) be the first derivative of g**4/4 - 5*g**3/3 + g**2/2 - 20. Let n be d(5). Let p be 1*(10/(-25) + 17/n). Let c(q) = 3*q - 3. Determine c(p).
6
Let m(g) be the second derivative of 2*g**3/3 - 69*g**2/2 + 382*g. Determine m(11).
-25
Suppose 8*g - 1403 + 123 = 0. Let p be (-6 - g/(-25))*-10. Let r(k) = 2*k. Give r(p).
-8
Let i = -103 + 137. Suppose -34*u + 17*u = i. Let n(t) = -6*t + 2. Determine n(u).
14
Suppose -39*f - 2*h = -37*f - 10, -5*f + 19 = 3*h. Let c(x) = 4*x**f - 12*x + 3*x + 4*x + 11 - x**3 + 8*x + 6. Determine c(5).
7
Let g be (-12)/21*(-8778)/264. Let l(t) = t**3 - 19*t**2 - 3*t + 5. Give l(g).
-52
Let t = 70 + -79. Let m(h) = -738 - 4*h + 13*h + 365 + 367 + h**2. Determine m(t).
-6
Let q(j) = 57*j + 28. Suppose 52*f + 30 = 104*f - 82*f. What is q(f)?
-29
Let r(j) be the third derivative of -j**4/24 + 5*j**3/3 - 29*j**2 + 8*j. Suppose p = 5, 23 = 3*m + 4*p - 33. Calculate r(m).
-2
Let f(u) = 2*u**2 - 46*u + 36. Let v(c) = 2*c**2 - 52*c + 262. Let r be v(6). Determine f(r).
-8
Suppose 5*g = -3 - 2. Let q(o) be the first derivative of o + 1/2*o**2 + 4/3*o**3 - 24. Calculate q(g).
4
Suppose 3*b - p + 25 = 0, 3*b + 8 = -b - 5*p. Let y(m) = -210*m + 7 - 212*m + 842*m - 213*m - 208*m. Give y(b).
14
Let g be 56/32 + 1/4. Let p(s) = 9*s - 42*s**2 - 5 + 20*s**2 + 21*s**g - 1. Determine p(4).
14
Let i(l) = 23*l - 32. Let u(h) = 11*h - 1. Let c(g) = -3*i(g) + 6*u(g). Determine c(29).
3
Let y(x) = x**3 - 5*x**2 + 4*x + 1. Let p be (4/(-6))/(14/2877). Let r = p + 142. What is y(r)?
21
Let h(c) = -2*c**2 + 12*c - 6. Let j(i) = i**3 + 9*i**2 - 2*i - 6. Let f be j(-9). Suppose -3*y - 5*m - f = -11, 3*y = 4*m + 44. Give h(y).
-38
Let k = -35347 + 35354. Let s(r) = -3*r**2 + 16*r + 13. Give s(k).
-22
Let l(k) = -3*k + 7. Let q(o) = 9*o - 21. Let m(h) = -8*l(h) - 3*q(h). Let g = -254164 + 254172. Determine m(g).
-17
Let m(o) = 2*o - 83. Suppose -143*w + 618*w - 20425 = 0. Give m(w).
3
Suppose -195*y = -194*y + 144. Let o = y + 152. Let s(l) = -l - 1. Calculate s(o).
-9
Let n(p) = -2*p**2 - 2*p**2 + 2 - 3*p**2 - 4*p - p**3. Suppose 2*g - 5*u - 22 = 0, u - 57 = -4*g + 31. Suppose -12*q - g - 51 = 0. What is n(q)?
-10
Suppose -57*h - 40 = -53*h. Let z be ((-4)/h)/(-2 + (-45)/(-25)). Let m(t) be the second derivative of t**4/12 + t**2/2 + 4*t. What is m(z)?
5
Let z be 4/(-2) + (5 - -1 - 1). Let h(s) = 16 - z*s - 12 - 3. Calculate h(-2).
7
Let c(y) = 4 + 564*y**3 - y - 1016*y**3 - 2*y**2 + 453*y**3. What is c(4)?
32
Let m(y) = 4*y + 3. Suppose 4*p - 36 = 5*x, 4*p - 3*x - 19 = 17. Suppose -2*b + p = -7. Suppose b - 3 = -z. Calculate m(z).
-17
Let s(a) = a**2 - 1. Let b be ((-30)/(-8))/(3 - 9/4). Suppose b*u - 299 = -309. What is s(u)?
3
Let u(l) = -1460*l - 13 + 19 + 1459*l. Let c(y) = -4*y + 2. Let f(x) = 3*x - 2. Let i(w) = -5*c(w) - 6*f(w). Let b be i(2). Calculate u(b).
0
Let l(c) = 17*c**3 - 18*c**3 - 30*c + 16*c**2 + 32 + 0*c + 0. Calculate l(14).
4
Let p(h) = 2*h + 3. Let j be p(-3). Let f(q) = -37 + 10 + 16 + 12 - q. Let a(k) = 7*k - 6. Let c(y) = 2*a(y) + 10*f(y). Give c(j).
-14
Let v(g) be the second derivative of -1/6*g**3 + 3/2*g**2 + 1/20*g**5 - 2 - 1/4*g**4 + 53*g. Calculate v(3).
0
Let i(f) be the second derivative of f**5/20 + f**4/2 - 3*f**2 + 70*f. Let r(s) = -s**3 + s**2 + s + 5. Let c be r(0). Suppose c = 2*d + 17. What is i(d)?
-6
Let r(y) = -y**2 - 7*y + 9. Let b = 414 - 787. Let s = 366 + b. Determine r(s).
9
Let q(v) be the first derivative of -v**2/2 - v + 7946. Determine q(0).
-1
Let s = 107 - 91. Let z = -2 + 2. Suppose z = 18*q - s*q - 14. Let f(l) = -l**2 + 5*l + 9. What is f(q)?
-5
Let p(t) = -14452*t**2 + 13 - 10 + 5*t + 14451*t**2. Let v(d) = d**2 - 5*d + 1. Let f be v(4). Let u be 9*(f - (-11)/3). Determine p(u).
-3
Let o = 19353 - 19350. Let k(d) be the second derivative of -1/6*d**o + 45*d + 0 + 13/2*d**2. Calculate k(0).
13
Suppose -59*p = -65*p - m - 44, -3*m - 6 = 0. Let v(j) = -j**3 - 5*j**2 + 5*j - 33. Give v(p).
30
Suppose -6*p + 15 + 3 = 0. Suppose -2 = -2*h + p*h. Let z(d) = d**3 + 3*d**2 + 3*d. Determine z(h).
-2
Let l(t) = -9 + 16900*t - 8428*t - 8442*t. Calculate l(2).
51
Let d(b) = -b**2 - 9*b - 4. Suppose -331 - 212 = -3*o. Let g = o - 101. Suppose -81*v - 7 = -g*v. Give d(v).
10
Suppose 3*i - 16 + 7 = -n, 5*i = -3*n + 19. Let c = 15 - 10. Let v(q) = 3*q - c - n*q + q. Calculate v(-4).
-9
Suppose 36*a - 244 = 80*a - 596. Let g(r) = -r + 1. Determine g(a).
-7
Let a(f) = 175*f - 283 - 389*f + 203*f. Calculate a(-26).
3
Suppose 9*c - 10*c - 4 = 2*g, g + 11 = c. Let q(k) = c*k + 5*k - 2*k - 6*k - 4. Calculate q(3).
5
Let r(a) = a**2 - 5*a - 4. Suppose 2073 = -3*f - 438. Let s = 843 + f. Give r(s).
2
Let j(c) = -12*c**3 + 357*c**2 - 345*c**2 + 11*c**3 - c. Give j(12).
-12
Let x(h) = 3 + 4*h - 3 - 3 + 2. Let z(y) = 8*y + 18. Let a(o) = 7*o + 18. Let j(b) = 7*a(b) - 6*z(b). Let f be j(-16). Determine x(f).
7
Suppose -6*y + y = -10. Let c(b) = b**y + 0*b + 6*b + b - 1 - b. Let z = 6065 + -6071. Calculate c(z).
-1
Let a(t) = -t - 12. Let v(m) = -m + 48. Let j be v(52). What is a(j)?
-8
Let m(s) = s**3 + 4*s**2 + 2*s - 6. Let g = 6197 + -6200. Give m(g).
-3
Let w(d) = -2*d + 9. Let m(n) = n**2 - 21*n + 26. Let x be m(-14). Let v = x + -508. Calculate w(v).
-7
Let o = 85 + -30. Let i = -122 + 226. Let y(t) = i - o - t - 51. What is y(6)?
-8
Let t(p) be the second derivative of p**5/10 + p**4/3 - p**3/6 - p**2/2 + 58*p - 11. What is t(-3)?
-16
Let g be (-8)/68 + 2244/(-578). Suppose 5*f = 4*v + 76 - 15, -3*f - 2*v + 19 = 0. Let r(s) = 1 - 6 - 2*s + f. Calculate r(g).
12
Let v(g) be the second derivative of 0 + 36*g - 1/10*g**5 + 1/3*g**4 + 3/2*g**3 - 6*g**2 - 1/120*g**6. Let b(m) be the first derivative of v(m). What is b(-7)?
2
Let j(p) = -7*p - 28. Suppose 5*f + 40*o = 43*o - 35, -4*f - 3*o - 28 = 0. What is j(f)?
21
Let d(c) = -c**3 - 7*c**2 - 7*c - 7. Suppose 0 = -5*g + 45 - 5. Suppose 5*i + 3*v = 60, 4*v - 12 = -i + 3*v. Suppose -g*f + i*f = -24. What is d(f)?
-1
Suppose 7*b = -1 + 50. Let d(k) = 28 - 34 - b*k - 5*k**2 + 4*k**2. Suppose -29*n = -5*j - 26*n - 28, 16 = -3*j + 2*n. Determine d(j).
-14
Let q = -8 + 4. Let n(u) = 4 - 30475*u + 15362*u + 15111*u. Calculate n(q).
12
Let c be (5 - (-3 - -6))*198/12. Suppose 0 = 5*h - h + 5*z - c, z = 2*h + 1. Let r(b) = 12*b - 3. Determine r(h).
21
Let c(s) = -2*s**2 - 41*s - 39. Suppose 0 = 52*d - 189 + 1177. Give c(d).
18
Let w(k) = -3*k**2 - 5*k + 8. Suppose -5 + 433 = -18*u - 89*u. Give w(u).
-20
Let u(n) = 22*n - 50. Let f(v) = -25*v + 54. Let c be f(2). Give u(c).
38
Let h(s) = -s - 371 + 1116 - 354 - 367. Determine h(11).
13
Let z(h) be the second derivative of -5*h**3/3 + h**2/2 - 266*h - 5. What is z(7)?
-69
Let a(k) be the first derivative of k**2/2 + k + 120826. Let w be 20/9 + 2/(-9). Let c be 1 + (w - (-4)/2). Calculate a(c).
6
Let d(m) = 5*m + 117 + 0*m - 60 - 50. What is d(-3)?
-8
Let u(z) = 7 - 7*z + 167*z**2 - 6*z + 179*z**2 - 344*z**2. What is u(6)?
1
Let h(r) = -28*r**3 + r. Let q = -146 - -170. Suppose 3*j + 1 = 25*x - q*x, 0 = -j - 3*x - 7. Give h(j).
27
Let l(i) be the second derivative of 17*i - 6 + 1/6*i**4 - 1/3*i**3 - i**2. Suppose 2*w + 5*a = 14, -3*w - 5*a + 6 + 10 = 0. Give l(w).
2
Let o(q) = q**2 - 2*q - 35. Let x(y) = -2*y**2 + 4*y + 69. Let z(k) = 9*o(k) + 4*x(k). What is z(8)?
9
Let g(j) = -j**2 - j + 16. Let v(n) = n**3 - 13*n**2 - 10*n + 5. Let d be v(12). Let m = -259 - d. What is g(m)?
16
Let l(v) = -v**2 + v + 26. Let j be l(-6). Let k be (1/((-3)/4))/(j/36). Let b(n) = -2*n**3 + 3*n**2 + 5*n - 4. Determine b(k).
-16
Let j(t) = -t**2 + t + 5. Let u be j(0). Let q(g) = -g**3 + 5*g**2 - g + 5. Let b be q(u). Let s(c) = 4*c**2 + c 